{"id":6850,"date":"2026-02-26T22:07:53","date_gmt":"2026-02-26T15:07:53","guid":{"rendered":"https:\/\/sinhlongduong.com\/?page_id=6850"},"modified":"2026-02-26T22:07:53","modified_gmt":"2026-02-26T15:07:53","slug":"cham-soc-khach-hang","status":"publish","type":"page","link":"https:\/\/sinhlongduong.com\/?page_id=6850","title":{"rendered":"CH\u0103m S\u00f3c Kh\u00e1ch H\u00e0ng"},"content":{"rendered":"","protected":false},"excerpt":{"rendered":"","protected":false},"author":1,"featured_media":0,"parent":0,"menu_order":0,"comment_status":"closed","ping_status":"closed","template":"","meta":{"footnotes":""},"yst_prominent_words":[],"class_list":["post-6850","page","type-page","status-publish","hentry"],"_links":{"self":[{"href":"https:\/\/sinhlongduong.com\/index.php?rest_route=\/wp\/v2\/pages\/6850","targetHints":{"allow":["GET"]}}],"collection":[{"href":"https:\/\/sinhlongduong.com\/index.php?rest_route=\/wp\/v2\/pages"}],"about":[{"href":"https:\/\/sinhlongduong.com\/index.php?rest_route=\/wp\/v2\/types\/page"}],"author":[{"embeddable":true,"href":"https:\/\/sinhlongduong.com\/index.php?rest_route=\/wp\/v2\/users\/1"}],"replies":[{"embeddable":true,"href":"https:\/\/sinhlongduong.com\/index.php?rest_route=%2Fwp%2Fv2%2Fcomments&post=6850"}],"version-history":[{"count":1,"href":"https:\/\/sinhlongduong.com\/index.php?rest_route=\/wp\/v2\/pages\/6850\/revisions"}],"predecessor-version":[{"id":6861,"href":"https:\/\/sinhlongduong.com\/index.php?rest_route=\/wp\/v2\/pages\/6850\/revisions\/6861"}],"wp:attachment":[{"href":"https:\/\/sinhlongduong.com\/index.php?rest_route=%2Fwp%2Fv2%2Fmedia&parent=6850"}],"wp:term":[{"taxonomy":"yst_prominent_words","embeddable":true,"href":"https:\/\/sinhlongduong.com\/index.php?rest_route=%2Fwp%2Fv2%2Fyst_prominent_words&post=6850"}],"curies":[{"name":"wp","href":"https:\/\/api.w.org\/{rel}","templated":true}]}}