{"id":670,"date":"2022-06-02T09:27:56","date_gmt":"2022-06-02T09:27:56","guid":{"rendered":"https:\/\/sinhlongduong.com\/?post_type=product&#038;p=670"},"modified":"2025-01-09T08:46:28","modified_gmt":"2025-01-09T01:46:28","slug":"sinh-cot-dan-tri-dau-xuong-khop","status":"publish","type":"product","link":"https:\/\/sinhlongduong.com\/?product=sinh-cot-dan-tri-dau-xuong-khop","title":{"rendered":"Sinh c\u1ed1t \u0111an &#8211; Tr\u1ecb \u0111au x\u01b0\u01a1ng kh\u1edbp"},"content":{"rendered":"<p><span style=\"font-size: 20px;\"><strong><span style=\"vertical-align: inherit;\">Th\u00e0nh ph\u1ea7n:<\/span><\/strong><\/span><\/p>\n<p><span style=\"vertical-align: inherit;\">\u0110\u01b0\u01a1ng quy Ng\u01b0u t\u1ea5t<\/span><\/p>\n<p><span style=\"vertical-align: inherit;\">\u0110\u1ed7 tr\u1ecdng Uy linh ti\u00ean<\/span><\/p>\n<p><span style=\"vertical-align: inherit;\">T\u1ea7n giao Huy\u1ec1n H\u1ed3<\/span><\/p>\n<p><span style=\"vertical-align: inherit;\">T\u1ee5c \u0111o\u1ea1n \u0110\u1ed7 tr\u1ecdng<\/span><\/p>\n<p><span style=\"vertical-align: inherit;\">M\u1ed9t d\u01b0\u1ee3c Nh\u0169 h\u01b0\u01a1ng<\/span><\/p>\n<p><span style=\"vertical-align: inherit;\">Th\u1ee5c \u0111\u1ecba B\u1ea1ch tru\u1eadt<\/span><\/p>\n<p><span style=\"vertical-align: inherit;\">Xuy\u00ean khung \u0110\u00e0o nh\u00e2n<\/span><\/p>\n<p><span style=\"vertical-align: inherit;\">\u0110\u1ecba Long<\/span><\/p>\n<p><span style=\"vertical-align: inherit;\">Ph\u1ed1i h\u1ee3p v\u1edbi \u0111\u1eb7c bi\u1ec7t thu\u1ed1c t\u00ean nh\u01b0<\/span><\/p>\n<p><span style=\"vertical-align: inherit;\">Ch\u1ed1t \u0111\u01a1n ch\u00e2u, d\u00e2y \u0111au x\u01b0\u01a1ng, tuy\u1ebft t\u00e0o \u0111\u00f4ng &#8230;<\/span><\/p>\n<p><span style=\"font-size: 20px;\"><strong><span style=\"vertical-align: inherit;\">C\u00f4ng d\u1ee5ng:<\/span><\/strong><\/span><\/p>\n<p><span style=\"vertical-align: inherit;\">Tho\u00e1i ho\u00e1, Vi\u00eam \u0111a kh\u1edbp, gai \u0111\u00f4i. C\u00f3 d\u1ecbch trong c\u00e1c kh\u1edbp do vi\u00eam. H\u1ed7 tr\u1ee3 c\u00e1c kh\u1edbp linh ho\u1ea1t, tho\u00e1t v\u1ecb \u0111\u0129a \u0111\u1ec7m.<\/span><\/p>\n<p><span style=\"vertical-align: inherit;\">1 th\u00e1ng s\u1ebd b\u1ed5 sung \u0111\u01b0\u1ee3c b\u1ed5 sung \u1edf gan th\u1eadn, b\u1ed5 sung ch\u00e2n \u00e2m, ch\u00e2n huy\u1ebft, gi\u00fap khu phong gi\u1ea3m c\u00e1c tri\u1ec7u ch\u1ee9ng x\u01b0\u01a1ng kh\u1edbp &#8230;<\/span><\/p>\n<p><span style=\"font-size: 20px;\"><strong><span style=\"vertical-align: inherit;\">C\u00e1ch s\u1eed d\u1ee5ng:<\/span><\/strong><\/span><\/p>\n<p><span style=\"vertical-align: inherit;\">Ng\u01b0\u1eddi l\u1edbn: Ng\u00e0y u\u1ed1ng 2 l\u1ea7n, m\u1ed7i l\u1ea7n 12 ho\u00e0n \u0111\u1ebfn 15 ho\u00e0n. S\u00e1ng v\u00e0 t\u1ed1i sau khi \u0103n. M\u1ed7i \u0111\u1ee3t s\u1eed d\u1ee5ng, n\u00ean k\u00e9o d\u00e0i t\u1eeb 2 \u0111\u1ebfn 3 th\u00e1ng \u0111\u1ec3 \u0111\u1ea1t \u0111\u01b0\u1ee3c hi\u1ec7u qu\u1ea3 cao nh\u1ea5t.<\/span><\/p>\n<p><span style=\"vertical-align: inherit;\">L\u01b0u \u00fd: Kh\u00f4ng s\u1eed d\u1ee5ng cho ng\u01b0\u1eddi c\u1ea3m v\u1edbi b\u1ea5t k\u1ef3 th\u00e0nh ph\u1ea7n n\u00e0o c\u1ee7a s\u1ea3n ph\u1ea9m.<\/span><\/p>\n<p><span style=\"vertical-align: inherit;\">Ch\u00fa \u00fd: \u0110\u00e2y l\u00e0 s\u1ea3n ph\u1ea9m l\u01b0u h\u00e0nh n\u1ed9i b\u1ed9 c\u1ee7a ph\u00f2ng kh\u00e1m \u0111\u00f4ng y Sinh Long \u0110\u01b0\u1eddng.<\/span><\/p>\n<p><span style=\"font-size: 20px;\"><strong><span style=\"vertical-align: inherit;\">B\u1ea3o qu\u1ea3n:<\/span><\/strong><\/span><\/p>\n<p><span style=\"vertical-align: inherit;\">N\u01a1i tho\u00e1ng, m\u00e1t, tr\u00e1nh \u00e1nh s\u00e1ng tr\u1ef1c ti\u1ebfp.<\/span><\/p>\n<p><span style=\"vertical-align: inherit;\">Standard: CSSL\u0110<\/span><\/p>\n<p><span style=\"vertical-align: inherit;\">NSX: 29\/02\/2022<\/span><\/p>\n<p><span style=\"vertical-align: inherit;\">HSD: 36 th\u00e1ng k\u1ec3 t\u1eeb s\u1ea3n xu\u1ea5t ng\u00e0y<\/span><\/p>\n<p><span style=\"vertical-align: inherit;\">Ph\u00f2ng kh\u00e1m \u0110\u00f4ng Y SINH LONG \u0110\u01af\u1edcNG<\/span><\/p>\n<p><span style=\"vertical-align: inherit;\">\u0110\u1ecba ch\u1ec9: C\u01a1 s\u1edf 1: s\u1ed1 56 x\u00f3m M\u1edbi, Ki\u1ec1u \u0110o\u00e0i, \u0110\u1ea1i Xuy\u00ean, Ph\u00fa Xuy\u00ean, HN<\/span><\/p>\n<p><span style=\"vertical-align: inherit;\">\u0110T \u260e\ufe0f\u260e\ufe0f 0974.07.04.85<\/span><\/p>\n<p><span style=\"vertical-align: inherit;\">C\u01a1 s\u1edf 2: \u0110\u1ed1i di\u1ec7n CT8A \u0110\u1ea1i Thanh, T\u1ea3 Thanh Oai, Thanh Tr\u00ec, HN<\/span><\/p>\n<p><span style=\"vertical-align: inherit;\">\u0110T\u260e\ufe0f\u260e\ufe0f 0915.180.628<\/span><\/p>\n<p><span style=\"vertical-align: inherit;\">Gi\u1ea5y Ph\u00e9p S\u1ed1 : 291 \/ HNO-GPH\u0110<\/span><\/p>\n","protected":false},"excerpt":{"rendered":"<p><img fetchpriority=\"high\" decoding=\"async\" class=\"alignnone size-medium wp-image-974\" src=\"https:\/\/sinhlongduong.com\/wp-content\/uploads\/2022\/06\/IMG_1535-min-711x400.jpg\" alt=\"\" width=\"711\" height=\"400\" srcset=\"https:\/\/sinhlongduong.com\/wp-content\/uploads\/2022\/06\/IMG_1535-min-711x400.jpg 711w, https:\/\/sinhlongduong.com\/wp-content\/uploads\/2022\/06\/IMG_1535-min-1400x788.jpg 1400w, https:\/\/sinhlongduong.com\/wp-content\/uploads\/2022\/06\/IMG_1535-min-768x432.jpg 768w, https:\/\/sinhlongduong.com\/wp-content\/uploads\/2022\/06\/IMG_1535-min-1536x865.jpg 1536w, https:\/\/sinhlongduong.com\/wp-content\/uploads\/2022\/06\/IMG_1535-min-2048x1153.jpg 2048w, https:\/\/sinhlongduong.com\/wp-content\/uploads\/2022\/06\/IMG_1535-min-510x287.jpg 510w\" sizes=\"(max-width: 711px) 100vw, 711px\" \/> <img decoding=\"async\" class=\"alignnone size-medium wp-image-975\" src=\"https:\/\/sinhlongduong.com\/wp-content\/uploads\/2022\/06\/img_1565_optimized-711x400.jpg\" alt=\"\" width=\"711\" height=\"400\" srcset=\"https:\/\/sinhlongduong.com\/wp-content\/uploads\/2022\/06\/img_1565_optimized-711x400.jpg 711w, https:\/\/sinhlongduong.com\/wp-content\/uploads\/2022\/06\/img_1565_optimized-1400x788.jpg 1400w, https:\/\/sinhlongduong.com\/wp-content\/uploads\/2022\/06\/img_1565_optimized-768x432.jpg 768w, https:\/\/sinhlongduong.com\/wp-content\/uploads\/2022\/06\/img_1565_optimized-1536x865.jpg 1536w, https:\/\/sinhlongduong.com\/wp-content\/uploads\/2022\/06\/img_1565_optimized-2048x1153.jpg 2048w, https:\/\/sinhlongduong.com\/wp-content\/uploads\/2022\/06\/img_1565_optimized-510x287.jpg 510w\" sizes=\"(max-width: 711px) 100vw, 711px\" \/> <img decoding=\"async\" class=\"alignnone size-medium wp-image-976\" src=\"https:\/\/sinhlongduong.com\/wp-content\/uploads\/2022\/06\/img_1570_optimized-711x400.jpg\" alt=\"\" width=\"711\" height=\"400\" \/><\/p>\n","protected":false},"featured_media":671,"comment_status":"open","ping_status":"closed","template":"","meta":[],"product_brand":[],"product_cat":[15,84,83,82,81,80,79],"product_tag":[191,219,193],"yst_prominent_words":[],"class_list":{"0":"post-670","1":"product","2":"type-product","3":"status-publish","4":"has-post-thumbnail","6":"product_cat-benh","7":"product_cat-gay-xuong","8":"product_cat-thap-khop","9":"product_cat-thoai-hoa-cot-song","10":"product_cat-thoai-hoa-khop","11":"product_cat-thoat-vi-dia-dem","12":"product_cat-xuong-khop","13":"product_tag-sinh-cot-dan","14":"product_tag-thuoc-tri-xuong-khop","15":"product_tag-xuong-khop","17":"first","18":"instock","19":"sale","20":"shipping-taxable","21":"purchasable","22":"product-type-simple"},"_links":{"self":[{"href":"https:\/\/sinhlongduong.com\/index.php?rest_route=\/wp\/v2\/product\/670","targetHints":{"allow":["GET"]}}],"collection":[{"href":"https:\/\/sinhlongduong.com\/index.php?rest_route=\/wp\/v2\/product"}],"about":[{"href":"https:\/\/sinhlongduong.com\/index.php?rest_route=\/wp\/v2\/types\/product"}],"replies":[{"embeddable":true,"href":"https:\/\/sinhlongduong.com\/index.php?rest_route=%2Fwp%2Fv2%2Fcomments&post=670"}],"wp:featuredmedia":[{"embeddable":true,"href":"https:\/\/sinhlongduong.com\/index.php?rest_route=\/wp\/v2\/media\/671"}],"wp:attachment":[{"href":"https:\/\/sinhlongduong.com\/index.php?rest_route=%2Fwp%2Fv2%2Fmedia&parent=670"}],"wp:term":[{"taxonomy":"product_brand","embeddable":true,"href":"https:\/\/sinhlongduong.com\/index.php?rest_route=%2Fwp%2Fv2%2Fproduct_brand&post=670"},{"taxonomy":"product_cat","embeddable":true,"href":"https:\/\/sinhlongduong.com\/index.php?rest_route=%2Fwp%2Fv2%2Fproduct_cat&post=670"},{"taxonomy":"product_tag","embeddable":true,"href":"https:\/\/sinhlongduong.com\/index.php?rest_route=%2Fwp%2Fv2%2Fproduct_tag&post=670"},{"taxonomy":"yst_prominent_words","embeddable":true,"href":"https:\/\/sinhlongduong.com\/index.php?rest_route=%2Fwp%2Fv2%2Fyst_prominent_words&post=670"}],"curies":[{"name":"wp","href":"https:\/\/api.w.org\/{rel}","templated":true}]}}