{"id":677,"date":"2022-06-02T09:36:04","date_gmt":"2022-06-02T09:36:04","guid":{"rendered":"https:\/\/sinhlongduong.com\/?post_type=product&#038;p=677"},"modified":"2025-01-09T08:46:11","modified_gmt":"2025-01-09T01:46:11","slug":"tinh-chat-tri-nam-gau-lo-xit","status":"publish","type":"product","link":"https:\/\/sinhlongduong.com\/?product=tinh-chat-tri-nam-gau-lo-xit","title":{"rendered":"Tinh ch\u1ea5t tr\u1ecb n\u1ea5m g\u1ea7u (l\u1ecd x\u1ecbt)"},"content":{"rendered":"<p style=\"text-align: justify;\"><span style=\"font-size: 12pt;\"><em><strong>Tinh ch\u1ea5t x\u1ecbt gi\u00fap \u0111\u1eb7c tr\u1ecb c\u00e1c th\u1ec3 vi\u00eam da, n\u1ea5m da \u0111\u1ea7u,.. 100% \u0111\u01b0\u1ee3c chi\u1ebft su\u1ea5t t\u1eeb th\u00e0nh ph\u1ea7n th\u1ea3o d\u01b0\u1ee3c t\u1ef1 nhi\u00ean, an to\u00e0n, kh\u00f4ng t\u00e1c d\u1ee5ng ph\u1ee5, kh\u00f4ng g\u00e2y k\u00edch \u1ee9ng.<\/strong><\/em><\/span><\/p>\n<p style=\"text-align: justify;\"><span style=\"color: #993300; font-size: 12pt;\"><strong>TH\u00c0NH PH\u1ea6N<\/strong><\/span><\/p>\n<p style=\"text-align: justify;\"><span style=\"font-size: 12pt;\">G\u1ea7u tr\u1eafng&#8230;&#8230;&#8230;&#8230;&#8230;&#8230;&#8230;&#8230;&#8230;&#8230;&#8230;&#8230;&#8230;.gram<\/span><\/p>\n<p style=\"text-align: justify;\"><span style=\"font-size: 12pt;\">X\u00e0 ph\u00f2ng&#8230;&#8230;&#8230;&#8230;&#8230;&#8230;&#8230;&#8230;&#8230;&#8230;&#8230;&#8230;&#8230;..gram<\/span><\/p>\n<p style=\"text-align: justify;\"><span style=\"font-size: 12pt;\">X\u00e0 c\u1eeb&#8230;&#8230;&#8230;&#8230;&#8230;&#8230;&#8230;&#8230;&#8230;&#8230;&#8230;&#8230;&#8230;&#8230;&#8230;..gram<\/span><\/p>\n<p style=\"text-align: justify;\"><span style=\"font-size: 12pt;\">C\u00f9ng 3 lo\u1ea1i d\u01b0\u1ee3c li\u1ec7u qu\u00fd gia truy\u1ec1n.<\/span><\/p>\n<p style=\"text-align: justify;\"><span style=\"color: #993300; font-size: 12pt;\"><strong>C\u00d4NG D\u1ee4NG<\/strong><\/span><\/p>\n<p style=\"text-align: justify;\"><span style=\"font-size: 12pt;\">+ Ch\u1ed1ng vi\u00eam<\/span><\/p>\n<p style=\"text-align: justify;\"><span style=\"font-size: 12pt;\">+ S\u00e1t khu\u1ea9n cho v\u00f9ng t\u1ed5n th\u01b0\u01a1ng, ng\u0103n ch\u1eb7n ph\u00e1t tri\u1ec3n v\u00e0 ti\u00eau di\u1ec7t c\u00e1c vi khu\u1ea9n n\u1ea5m<\/span><\/p>\n<p style=\"text-align: justify;\"><span style=\"font-size: 12pt;\">+ L\u00e0m d\u1ecbu da t\u1ee9c th\u00ec, gi\u1ea3m c\u1ea3m gi\u00e1c ng\u1ee9a, kh\u00f3 ch\u1ecbu.<\/span><\/p>\n<p style=\"text-align: justify;\"><span style=\"font-size: 12pt;\">+ L\u00e0m m\u1ec1m v\u00f9ng da b\u1ecb t\u1ed5n th\u01b0\u01a1ng, gi\u00fap thu\u1ed1c b\u00f4i \u0111\u1ea1t hi\u1ec7u qu\u1ea3 t\u1ed1t h\u01a1n<\/span><\/p>\n<p style=\"text-align: justify;\"><span style=\"font-size: 12pt;\">+ B\u1ea3o v\u1ec7 c\u00e1c v\u00f9ng da l\u00e0nh kh\u1ecfi s\u1ef1 l\u00e2y nhi\u1ec5m<\/span><\/p>\n<p style=\"text-align: justify;\"><span style=\"color: #993300; font-size: 12pt;\"><strong>\u0110\u1ed0I T\u01af\u1ee2NG S\u1eec D\u1ee4NG<\/strong><\/span><\/p>\n<p>C\u00e1c B\u1ec7nh N\u1ea5m \u0110\u1ea7u, N\u1ea5m To\u00e0n Th\u00e2n<\/p>\n<p style=\"text-align: justify;\"><span style=\"font-size: 12pt;\">\u0110\u1eb7c tr\u1ecb c\u00e1c b\u1ec7nh v\u1ec1 da li\u1ec5u: ch\u00e0m Eczema, vi\u00eam da c\u01a1 \u0111\u1ecba, v\u1ea3y n\u1ebfn, \u00e1 s\u1eebng, vi\u00eam da ti\u1ebft b\u00e3.<\/span><\/p>\n<p style=\"text-align: justify;\"><span style=\"color: #993300; font-size: 12pt;\"><strong>C\u00c1CH S\u1eec D\u1ee4NG<\/strong><\/span><\/p>\n<p style=\"text-align: justify;\"><span style=\"font-size: 12pt;\">S\u1eed d\u1ee5ng x\u1ecbt v\u00e0o v\u00f9ng da b\u1ecb b\u1ec7nh. Th\u1ef1c hi\u1ec7n ng\u00e0y 3 l\u1ea7n.<\/span><\/p>\n<p style=\"text-align: justify;\"><span style=\"color: #993300; font-size: 12pt;\"><strong>TH\u00d4NG TIN KH\u00c1C<\/strong><\/span><\/p>\n<p style=\"text-align: justify;\"><span style=\"font-size: 12pt;\">Ph\u00f2ng kh\u00e1m \u0110\u00f4ng y Sinh Long \u0110\u01b0\u1eddng chuy\u00ean ch\u1eefa c\u00e1c b\u1ec7nh v\u1ec1 da li\u1ec5u, hi\u1ec7u qu\u1ea3 v\u1edbi b\u00e0i thu\u1ed1c \u0110\u00f4ng y b\u00ed truy\u1ec1n s\u1eed d\u1ee5ng ho\u00e0n to\u00e0n 100% d\u01b0\u1ee3c li\u1ec7u t\u1ef1 nhi\u00ean. M\u1ecdi th\u00f4ng tin h\u00e3y li\u00ean h\u1ec7 hotline <span style=\"color: #ff0000;\"><strong>0974.07.04.85<\/strong><\/span> &#8211; <span style=\"color: #ff0000;\"><strong>0915.180.628<\/strong><\/span> \u0111\u1ec3 \u0111\u01b0\u1ee3c <strong>T\u01af V\u1ea4N MI\u1ec4N PH\u00cd<\/strong>.<\/span><\/p>\n<div dir=\"auto\"><span class=\"pq6dq46d tbxw36s4 knj5qynh kvgmc6g5 ditlmg2l oygrvhab nvdbi5me sf5mxxl7 gl3lb2sf hhz5lgdu\"><img decoding=\"async\" src=\"https:\/\/static.xx.fbcdn.net\/images\/emoji.php\/v9\/t9b\/1.5\/16\/2618.png\" alt=\"\u2618\" width=\"16\" height=\"16\" \/><\/span><span class=\"pq6dq46d tbxw36s4 knj5qynh kvgmc6g5 ditlmg2l oygrvhab nvdbi5me sf5mxxl7 gl3lb2sf hhz5lgdu\"><img decoding=\"async\" src=\"https:\/\/static.xx.fbcdn.net\/images\/emoji.php\/v9\/t9b\/1.5\/16\/2618.png\" alt=\"\u2618\" width=\"16\" height=\"16\" \/><\/span><span class=\"pq6dq46d tbxw36s4 knj5qynh kvgmc6g5 ditlmg2l oygrvhab nvdbi5me sf5mxxl7 gl3lb2sf hhz5lgdu\"><img decoding=\"async\" src=\"https:\/\/static.xx.fbcdn.net\/images\/emoji.php\/v9\/t9b\/1.5\/16\/2618.png\" alt=\"\u2618\" width=\"16\" height=\"16\" \/><\/span>h\u00e3y li\u00ean h\u1ec7 v\u1edbi <em class=\"Highlight\">ch\u00fa<\/em>ng t\u00f4i<\/div>\n<div dir=\"auto\">Ph\u00f2ng Kh\u00e1m \u0110\u00f4ng Y Sinh Long \u0110\u01b0\u1eddng<\/div>\n<div dir=\"auto\">\u272a Chuy\u00ean khoa \u0111i\u1ec1u tr\u1ecb c\u00e1c b\u1ec7nh li\u00ean quan \u0111\u1ebfn b\u1ec7nh Ph\u1ee5 khoa &#8211; Nam khoa &#8211; B\u1ec7nh x\u00e3 h\u1ed9i &#8211; V\u00f4 sinh hi\u1ebfm mu\u1ed9n<\/div>\n<div dir=\"auto\">\u272a S\u0110T t\u01b0 v\u1ea5n v\u00e0 \u0111\u1eb7t h\u1eb9n: 0974.07.04.85 &#8211; 0915.180.628<\/div>\n<div dir=\"auto\">\u272a \u0110\u1ecba ch\u1ec9: C\u01a1 s\u1edf 1:x\u00f3m M\u1edbi,Ki\u1ec1u \u0110o\u00e0i,\u0110\u1ea1i Xuy\u00ean,Ph\u00fa Xuy\u00ean,HN<\/div>\n<div dir=\"auto\">TEL <span class=\"pq6dq46d tbxw36s4 knj5qynh kvgmc6g5 ditlmg2l oygrvhab nvdbi5me sf5mxxl7 gl3lb2sf hhz5lgdu\"><img decoding=\"async\" src=\"https:\/\/static.xx.fbcdn.net\/images\/emoji.php\/v9\/ta9\/1.5\/16\/260e.png\" alt=\"\u260e\ufe0f\" width=\"16\" height=\"16\" \/><\/span><span class=\"pq6dq46d tbxw36s4 knj5qynh kvgmc6g5 ditlmg2l oygrvhab nvdbi5me sf5mxxl7 gl3lb2sf hhz5lgdu\"><img decoding=\"async\" src=\"https:\/\/static.xx.fbcdn.net\/images\/emoji.php\/v9\/ta9\/1.5\/16\/260e.png\" alt=\"\u260e\ufe0f\" width=\"16\" height=\"16\" \/><\/span> 0974070485<\/div>\n<div dir=\"auto\">C\u01a1 s\u1edf 2: \u0111\u1ed1i di\u1ec7n CT8A \u0110\u1ea1i Thanh ,T\u1ea3 Thanh Oai,Thanh Tr\u00ec ,HN<\/div>\n<div dir=\"auto\">TEL<span class=\"pq6dq46d tbxw36s4 knj5qynh kvgmc6g5 ditlmg2l oygrvhab nvdbi5me sf5mxxl7 gl3lb2sf hhz5lgdu\"><img decoding=\"async\" src=\"https:\/\/static.xx.fbcdn.net\/images\/emoji.php\/v9\/ta9\/1.5\/16\/260e.png\" alt=\"\u260e\ufe0f\" width=\"16\" height=\"16\" \/><\/span><span class=\"pq6dq46d tbxw36s4 knj5qynh kvgmc6g5 ditlmg2l oygrvhab nvdbi5me sf5mxxl7 gl3lb2sf hhz5lgdu\"><img decoding=\"async\" src=\"https:\/\/static.xx.fbcdn.net\/images\/emoji.php\/v9\/ta9\/1.5\/16\/260e.png\" alt=\"\u260e\ufe0f\" width=\"16\" height=\"16\" \/><\/span> 0915180628<\/div>\n<div dir=\"auto\">\u272a Kh\u00e1m ch\u1eefa b\u1ec7nh ngo\u00e0i gi\u1edd h\u00e0nh ch\u00ednh: t\u1eeb 8h00 &#8211; 20h30 t\u1ea5t c\u1ea3<\/div>\n<div dir=\"auto\">c\u00e1c ng\u00e0y trong tu\u1ea7n k\u1ec3 c\u1ea3 th\u1ee9 7 ch\u1ee7 nh\u1eadt v\u00e0 ng\u00e0y l\u1ec5<\/div>\n","protected":false},"excerpt":{"rendered":"<p><img fetchpriority=\"high\" decoding=\"async\" class=\"alignnone size-full wp-image-678\" src=\"https:\/\/sinhlongduong.com\/wp-content\/uploads\/2022\/06\/thuoc-xit-tri-nam-da-dau.jpg\" alt=\"\" width=\"600\" height=\"400\" srcset=\"https:\/\/sinhlongduong.com\/wp-content\/uploads\/2022\/06\/thuoc-xit-tri-nam-da-dau.jpg 600w, https:\/\/sinhlongduong.com\/wp-content\/uploads\/2022\/06\/thuoc-xit-tri-nam-da-dau-510x340.jpg 510w\" sizes=\"(max-width: 600px) 100vw, 600px\" \/><\/p>\n","protected":false},"featured_media":678,"comment_status":"open","ping_status":"closed","template":"","meta":[],"product_brand":[],"product_cat":[15,85,86,89],"product_tag":[199,198,251,250],"yst_prominent_words":[],"class_list":{"0":"post-677","1":"product","2":"type-product","3":"status-publish","4":"has-post-thumbnail","6":"product_cat-benh","7":"product_cat-da-lieu","8":"product_cat-nam-da-dau","9":"product_cat-vay-nen","10":"product_tag-nam","11":"product_tag-nam-da-dau","12":"product_tag-thuoc-tri-nam-thuoc-chua-nam-dau","13":"product_tag-tinh-chat-tri-nam","15":"first","16":"instock","17":"sale","18":"shipping-taxable","19":"purchasable","20":"product-type-simple"},"_links":{"self":[{"href":"https:\/\/sinhlongduong.com\/index.php?rest_route=\/wp\/v2\/product\/677","targetHints":{"allow":["GET"]}}],"collection":[{"href":"https:\/\/sinhlongduong.com\/index.php?rest_route=\/wp\/v2\/product"}],"about":[{"href":"https:\/\/sinhlongduong.com\/index.php?rest_route=\/wp\/v2\/types\/product"}],"replies":[{"embeddable":true,"href":"https:\/\/sinhlongduong.com\/index.php?rest_route=%2Fwp%2Fv2%2Fcomments&post=677"}],"wp:featuredmedia":[{"embeddable":true,"href":"https:\/\/sinhlongduong.com\/index.php?rest_route=\/wp\/v2\/media\/678"}],"wp:attachment":[{"href":"https:\/\/sinhlongduong.com\/index.php?rest_route=%2Fwp%2Fv2%2Fmedia&parent=677"}],"wp:term":[{"taxonomy":"product_brand","embeddable":true,"href":"https:\/\/sinhlongduong.com\/index.php?rest_route=%2Fwp%2Fv2%2Fproduct_brand&post=677"},{"taxonomy":"product_cat","embeddable":true,"href":"https:\/\/sinhlongduong.com\/index.php?rest_route=%2Fwp%2Fv2%2Fproduct_cat&post=677"},{"taxonomy":"product_tag","embeddable":true,"href":"https:\/\/sinhlongduong.com\/index.php?rest_route=%2Fwp%2Fv2%2Fproduct_tag&post=677"},{"taxonomy":"yst_prominent_words","embeddable":true,"href":"https:\/\/sinhlongduong.com\/index.php?rest_route=%2Fwp%2Fv2%2Fyst_prominent_words&post=677"}],"curies":[{"name":"wp","href":"https:\/\/api.w.org\/{rel}","templated":true}]}}